y c.
7
Let w = 16 - -5. What is the remainder when 62 is divided by w?
20
Let s(v) = v**3 + v + 29. Let z = 216 - 130. Calculate the remainder when z is divided by s(0).
28
Let x be -89 - -1 - (0 + 0). What is the remainder when 61 is divided by (-1392)/x + (-4)/(-22)?
13
Let a = 58 - 312. Calculate the remainder when 2/(-5) + a/(-10) is divided by 13.
12
Suppose 2 = w - b, -3*w + b - 18 = -6*w. Suppose -l + w*i - 168 = -5*l, -2*l - i = -78. Let n = l - 26. Calculate the remainder when 21 is divided by n.
10
Suppose 4*w - j + 5*j - 308 = 0, -5*w = -2*j - 350. What is the remainder when (w/(-28))/(2/(-14)) is divided by 5?
3
Calculate the remainder when (3/3)/((-2)/(-62)) is divided by (-296)/(-36) + (-2)/9.
7
Let a(n) = 5*n + 7. Let h(o) = 10*o**2 - 3*o. What is the remainder when h(2) is divided by a(0)?
6
Let l(z) = -z**2 - 9*z - 10. Let b be l(-8). Let m = b + 14. Let f(s) = -s + 1. What is the remainder when m is divided by f(-6)?
5
Suppose 2 = -5*y + 37. Calculate the remainder when 18 is divided by y.
4
Suppose p = 3*p - 44. Suppose -t + p = t. Calculate the remainder when t is divided by 7.
4
Suppose 3*p + 4*k - 17 - 16 = 0, -3*k - 11 = -p. Calculate the remainder when 32 is divided by p.
10
Suppose 4*v + 0*v = 5*w + 1, 7 = -2*v + 5*w. Let a = v - -4. Let t = 38 + -15. What is the remainder when t is divided by a?
7
Let a(j) = j**2 + 10*j + 7. Calculate the remainder when 64 is divided by a(-11).
10
Let x(h) = -24*h. Let d be x(-5). Let k = d - 79. Suppose -3*v + 4*g + 59 = 0, 0 = 2*v - 5*v - 2*g + 65. What is the remainder when k is divided by v?
20
Suppose 4*a + 106 - 318 = 0. Calculate the remainder when a is divided by 18.
17
Suppose 3*o - o - 72 = 0. Let k = o + -23. What is the remainder when k is divided by 7?
6
Suppose -2*r + 10 = 2*u - 106, 5*r + 15 = 0. Calculate the remainder when u is divided by (-8)/(1/(-6)*(2 + 1)).
13
Let z(g) = -g**3 + 13*g**2 - 15*g - 12. Suppose 16 = 4*o - 28. Let r be z(o). Suppose r - 225 = -5*s. What is the remainder when s is divided by 11?
10
Let c = 16 - 16. Calculate the remainder when 27 is divided by -15*((-2 - -1) + c).
12
Suppose -3*z - z - 4*k = 0, -4*k - 15 = -z. Suppose u - 16 = -z*u, 5*a - 125 = -5*u. Calculate the remainder when 83 is divided by a.
20
Let a = 28 - 8. Calculate the remainder when 56 is divided by a.
16
Calculate the remainder when 291 is divided by (-1870)/(-45) - 24/(-54).
39
Suppose -3*b + 2*b + 5*r + 82 = 0, 2*r = -b + 47. What is the remainder when b is divided by 29?
28
Let f(h) = -20*h**3 + 2*h**2 + h. Let b be f(-1). Suppose 4*a = -5*p - 0*a, -5*p - a = 0. Suppose p*z = -z + b. Calculate the remainder when z is divided by 12.
9
Suppose -15 = 4*u - 7*u + 3*s, 2 = 2*u + 2*s. Suppose i = -u*i + 56. Suppose -6 + 21 = 3*a. Calculate the remainder when i is divided by a.
4
Let b(j) = -j**3 + 10*j**2 - 9*j - 5. Calculate the remainder when b(8) is divided by 18.
15
Suppose 5*p - 2*p = c + 23, 5*p - 4*c = 50. Let k = 40 + -25. What is the remainder when 176/p - (-2)/(-6) is divided by k?
14
Suppose 5*k = 4*k + 2. Suppose 0*y = -y + 5*c - 1, 5*y = -k*c + 49. Suppose 0*o + 3*o = 51. Calculate the remainder when o is divided by y.
8
Calculate the remainder when (8/(-6) - 3)*-12 is divided by 18.
16
Suppose 3*y - 5*m = 62, 2*y + 8 = m + 61. Let z = -7 - -8. Let q(p) = 10*p**3 - p**2 + 1. Calculate the remainder when y is divided by q(z).
9
Let j = 10 - 6. Suppose 2*y - j*y = -166. What is the remainder when y is divided by 28?
27
Suppose -5*x = 3*z - 94, 0 = -0*z + 3*z + 3*x - 96. Calculate the remainder when z is divided by 12.
9
Let g be 2 - (1 + 0) - -2. Let v = g - -17. Calculate the remainder when v is divided by 1 - (5 - 2) - -13.
9
Let u = -8 - -21. Suppose 0 = -k - 2*z + 3 + 9, 0 = -4*k + 3*z + 4. What is the remainder when u is divided by k?
1
Suppose -x + 35 = x + t, 4*x - 80 = -4*t. Let v be (-1 - 0)/((-1)/15). What is the remainder when 3/v - (-438)/10 is divided by x?
14
Let j be 2/7 + 103/7. Suppose s - j = -0*s. What is the remainder when (-1 - -1)/1 + 28 is divided by s?
13
Let d be ((-10)/2)/(2/12). Let h be 12/10*(-100)/d. Let i(m) = m + 2. Calculate the remainder when 11 is divided by i(h).
5
Let y = -7 + 10. Suppose y*n + 4*v = -2, 4*v + 3 = -4*n - 1. What is the remainder when (-4)/4*n*12 is divided by 13?
11
Suppose -4*j + 70 - 2 = 0. Suppose 1 = g - j. Suppose -3*a - 14 = -4*a + 4*v, -28 = -3*a - 2*v. Calculate the remainder when g is divided by a.
8
Let h(z) = z**3 + z**2 + 3. Let g be h(0). Let r(v) = 7*v - 1. Let a = -36 - -43. Calculate the remainder when r(g) is divided by a.
6
Let q(a) be the third derivative of -a**4/6 - a**3 + a**2. Suppose 5 = 2*b + 2*l + 1, -2*l - 26 = -4*b. Calculate the remainder when q(-5) is divided by b.
4
Suppose 0 = -r - 5*v + 2 - 3, v + 3 = 0. What is the remainder when r is divided by 6?
2
Suppose -7*l - 32 = -j - 3*l, j = 3*l + 28. What is the remainder when 45 is divided by j?
13
Let h(n) = 3*n - 29. Calculate the remainder when h(17) is divided by 4.
2
Let v(f) = -5*f - 1. Let d be v(-1). Suppose c = -4*a + 4, 0 = -d*a + c - 3*c. What is the remainder when 4 is divided by a?
0
Let r be -2*(3 - -1) - -3. Let a = 3 - r. Calculate the remainder when 21 is divided by a.
5
Suppose -y + 92 = -4*a, -y + 36 = -a - 4*y. Let m = 35 + a. What is the remainder when 19 is divided by m?
8
Let a(y) = -9*y + 1. Let u(x) = x. Let c(h) = -2*a(h) - 14*u(h). Suppose -5*i - 12 = -187. What is the remainder when i is divided by c(5)?
17
Let a = -11 - -14. Calculate the remainder when 3 is divided by a.
0
Suppose -s + 5*s - 48 = 0. Calculate the remainder when 34 is divided by s.
10
Let z = 17 + -9. Suppose 2*t + f = 8, 2*f = 5*t - 3*t - 2. Calculate the remainder when 0 + z*(-2)/(-4) is divided by t.
1
Let c(h) = h**3 - 5*h**2 + 2*h. What is the remainder when (12/14)/((-2)/((-1344)/36)) is divided by c(5)?
6
Suppose -40 = -2*k - 3*k. Suppose 3*w + i - 45 = -i, 4*w - 4*i = 40. What is the remainder when w is divided by k?
5
Suppose -1 = -o + 35. Suppose -2*k - 2 = -o. What is the remainder when 33 is divided by k?
16
Let f(p) = p**3 - 7*p**2 - 12*p + 10. What is the remainder when f(10) is divided by 24?
22
Let b = -7 + 14. Suppose b + 8 = 3*h, -3*p + 55 = -h. What is the remainder when p is divided by 7?
6
Suppose -5*y + 106 = -94. Let z be 2 - (-4 - 77)/(-3). Let d = y + z. What is the remainder when 58 is divided by d?
13
Let s(b) = b**2 + 13*b + 9. Suppose -5*q - 52 = -q. Calculate the remainder when 24 is divided by s(q).
6
What is the remainder when 121 is divided by 1/(-3) + 752/24?
28
Let m = -81 + 114. What is the remainder when m is divided by 17?
16
Suppose 5*v + 5 = 4*o - 1, -5*o = -3*v - 14. What is the remainder when v is divided by 2?
0
Let o = 5 - 3. Suppose -159 = -o*s + 5*k, 167 = s + s + 3*k. Calculate the remainder when s is divided by 28.
26
Let r be 3/(1/2 + 1). Suppose -34 = -r*z + 22. Calculate the remainder when z is divided by 15.
13
Suppose 0 = -m - 1 + 19. Let l = 6 + -4. Suppose -u = l*u - 21. Calculate the remainder when m is divided by u.
4
Let f(m) = m**3 - 6*m**2 + 6*m - 5. Let v be f(5). Suppose v*x + 4*x = 56. Suppose -2*s = -0*s - x. Calculate the remainder when 19 is divided by s.
5
What is the remainder when 10 is divided by (-114)/(-36) - (-1)/(-6)?
1
Let v be (17*(2 - 3))/(-1). Suppose 3*l - 4*s - v = 0, 0*l - 19 = -2*l - 5*s. What is the remainder when l is divided by 4?
3
Suppose 0 = -4*h - 20 + 64. Let y = -7 - -17. Suppose 4*r - y = 14. Calculate the remainder when h is divided by r.
5
Suppose -4*a + 2 + 2 = 2*l, 4*a = -l - 2. Let c(h) = -16*h + 1. What is the remainder when c(-1) is divided by l*(0 - (-2 - -1))?
5
Suppose -17*t + 72 = -13. What is the remainder when 8 is divided by t?
3
Let y(j) be the first derivative of -j**2/2 - 6*j + 3. Let s be y(-5). Let x = 9 + s. Calculate the remainder when 22 is divided by x.
6
Let r(a) = 4*a**2 - 6*a - 6. Calculate the remainder when 140 is divided by r(-3).
44
Suppose -2*g - 5*l + 9 = 0, 0*l = 4*g + 2*l + 6. What is the remainder when 41 is divided by (-6 - 1)/(g/9)?
20
Let b(l) = -2*l - 2. Let q = 1 + -1. Suppose 2*j + 39 = -5*d, -21 = 4*d - q*j + 5*j. Calculate the remainder when b(d) is divided by 9.
7
Calculate the remainder when (24/(-18